 is the ten millions digit of 28074581?
2
What is the ten millions digit of 78594204?
7
What is the millions digit of 77884914?
7
What is the hundred thousands digit of 53303463?
3
What is the ten thousands digit of 3020016852?
1
What is the tens digit of 11807493?
9
What is the units digit of 178451276?
6
What is the hundreds digit of 1347919681?
6
What is the units digit of 1541936098?
8
What is the hundred thousands digit of 81531927?
5
What is the tens digit of 40322351?
5
What is the thousands digit of 2672622?
2
What is the hundred millions digit of 714974407?
7
What is the millions digit of 51141792?
1
What is the ten millions digit of 77066311?
7
What is the thousands digit of 484905207?
5
What is the hundred millions digit of 2924247704?
9
What is the ten thousands digit of 2998371913?
7
What is the hundreds digit of 224411504?
5
What is the tens digit of 67381850?
5
What is the millions digit of 52975202?
2
What is the tens digit of 18865527?
2
What is the millions digit of 273104980?
3
What is the tens digit of 594993169?
6
What is the ten millions digit of 1782265757?
8
What is the hundreds digit of 282468807?
8
What is the hundred millions digit of 236279717?
2
What is the units digit of 876016110?
0
What is the thousands digit of 23886495?
6
What is the ten millions digit of 567018866?
6
What is the thousands digit of 365065238?
5
What is the hundred millions digit of 1658512358?
6
What is the units digit of 345706827?
7
What is the hundred thousands digit of 205331036?
3
What is the millions digit of 20234860?
0
What is the tens digit of 781536066?
6
What is the thousands digit of 2793721378?
1
What is the hundred thousands digit of 7032825?
0
What is the thousands digit of 217049263?
9
What is the ten thousands digit of 177419374?
1
What is the units digit of 184311257?
7
What is the hundred millions digit of 1547552764?
5
What is the units digit of 5742889068?
8
What is the ten millions digit of 410544336?
1
What is the hundreds digit of 340300335?
3
What is the hundred millions digit of 306117463?
3
What is the units digit of 23532175?
5
What is the units digit of 30599190?
0
What is the units digit of 316113200?
0
What is the hundred thousands digit of 32682483?
6
What is the hundred millions digit of 766156764?
7
What is the hundred thousands digit of 388455249?
4
What is the millions digit of 77169645?
7
What is the ten millions digit of 34038161?
3
What is the hundred millions digit of 2217627347?
2
What is the hundreds digit of 3798021275?
2
What is the hundred thousands digit of 1543476253?
4
What is the thousands digit of 478456524?
6
What is the millions digit of 188849431?
8
What is the millions digit of 143614971?
3
What is the hundreds digit of 96422219?
2
What is the millions digit of 28766682?
8
What is the ten thousands digit of 1494417123?
1
What is the ten thousands digit of 711997528?
9
What is the tens digit of 42551320?
2
What is the hundreds digit of 150120328?
3
What is the ten thousands digit of 69207584?
0
What is the millions digit of 87172694?
7
What is the ten millions digit of 166693234?
6
What is the hundred millions digit of 159831043?
1
What is the thousands digit of 130828008?
8
What is the tens digit of 222433074?
7
What is the ten thousands digit of 18207641?
0
What is the tens digit of 60527203?
0
What is the thousands digit of 875265676?
5
What is the billions digit of 1814504784?
1
What is the ten thousands digit of 127253738?
5
What is the ten millions digit of 33548469?
3
What is the units digit of 1808249789?
9
What is the units digit of 8073969?
9
What is the ten millions digit of 15519603?
1
What is the hundreds digit of 3669492594?
5
What is the units digit of 5448883310?
0
What is the thousands digit of 3136844612?
4
What is the hundred millions digit of 731973199?
7
What is the thousands digit of 29657323?
7
What is the millions digit of 39925019?
9
What is the hundred thousands digit of 402064150?
0
What is the hundreds digit of 64366583?
5
What is the thousands digit of 32853199?
3
What is the thousands digit of 19182273?
2
What is the hundreds digit of 30063071?
0
What is the millions digit of 838181045?
8
What is the hundreds digit of 523148811?
8
What is the ten millions digit of 93872879?
9
What is the billions digit of 4990177568?
4
What is the hundred millions digit of 1020723354?
0
What is the tens digit of 2899488773?
7
What is the millions digit of 32501948?
2
What is the tens digit of 1676515223?
2
What is the units digit of 2642677382?
2
What is the hundreds digit of 275800905?
9
What is the tens digit of 2238031152?
5
What is the millions digit of 900088502?
0
What is the tens digit of 3394162207?
0
What is the hundred millions digit of 1615835899?
6
What is the millions digit of 1033248660?
3
What is the thousands digit of 1591103480?
3
What is the units digit of 880828917?
7
What is the units digit of 3248641546?
6
What is the thousands digit of 626696536?
6
What is the tens digit of 3484133?
3
What is the units digit of 219002431?
1
What is the tens digit of 247888268?
6
What is the units digit of 814137514?
4
What is the hundred thousands digit of 306892873?
8
What is the units digit of 2338099000?
0
What is the tens digit of 115011922?
2
What is the ten thousands digit of 30056?
3
What is the ten thousands digit of 147478190?
7
What is the hundred thousands digit of 1374728724?
7
What is the millions digit of 1521215174?
1
What is the tens digit of 194911153?
5
What is the ten thousands digit of 36092755?
9
What is the ten millions digit of 2416252233?
1
What is the thousands digit of 927081361?
1
What is the billions digit of 2093788213?
2
What is the hundred thousands digit of 519742308?
7
What is the thousands digit of 87488920?
8
What is the tens digit of 9388943?
4
What is the tens digit of 2622699119?
1
What is the hundred millions digit of 6377961511?
3
What is the hundreds digit of 45441623?
6
What is the hundred thousands digit of 75606519?
6
What is the units digit of 683660308?
8
What is the millions digit of 774070561?
4
What is the thousands digit of 266924371?
4
What is the millions digit of 353345282?
3
What is the ten thousands digit of 398996779?
9
What is the thousands digit of 2647048211?
8
What is the ten millions digit of 91074870?
9
What is the hundreds digit of 73028450?
4
What is the units digit of 1667501402?
2
What is the hundreds digit of 17375793?
7
What is the units digit of 5072509605?
5
What is the ten millions digit of 37157921?
3
What is the hundreds digit of 45905593?
5
What is the ten millions digit of 3071241254?
7
What is the ten thousands digit of 2014172562?
7
What is the ten thousands digit of 46272375?
7
What is the hundred thousands digit of 53412806?
4
What is the hundreds digit of 42983448?
4
What is the units digit of 26033723?
3
What is the tens digit of 489527019?
1
What is the ten millions digit of 134414069?
3
What is the units digit of 72903556?
6
What is the tens digit of 1007045783?
8
What is the thousands digit of 12898193?
8
What is the units digit of 390564296?
6
What is the hundred millions digit of 199095253?
1
What is the ten millions digit of 2156181242?
5
What is the millions digit of 53099200?
3
What is the ten millions digit of 1073276957?
7
What is the hundred thousands digit of 1103863223?
8
What is the ten thousands digit of 545377430?
7
What is the tens digit of 9859649?
4
What is the units digit of 4624792?
2
What is the hundred millions digit of 4569562635?
5
What is the units digit of 109771586?
6
What is the hundred thousands digit of 4700036662?
0
What is the thousands digit of 53148952?
8
What is the hundreds digit of 629330954?
9
What is the billions digit of 1653788199?
1
What is the units digit of 648627143?
3
What is the hundred thousands digit of 466338969?
3
What is the tens digit of 268077676?
7
What is the hundred thousands digit of 123333300?
3
What is the hundreds digit of 18582346?
3
What is the units digit of 86914612?
2
What is the billions digit of 2088149598?
2
What is the ten millions digit of 1347850696?
4
What is the tens digit of 282245557?
5
What is the ten millions digit of 111027464?
1
What is the units digit of 2287639035?
5
What is the ten millions digit of 2171565